v(3) is divided by 18.
13
Suppose 0 = 3*c - c - 38. Suppose f + 6 - 23 = 0. Let z = 22 - f. What is the remainder when c is divided by z?
4
Suppose 4*r - 86 = 2*r. What is the remainder when r is divided by 11?
10
Let y(c) = -c + 1. Let a(q) = 5*q + 1. Let l(h) = -a(h) - 3*y(h). Let k = 5 + -15. Calculate the remainder when 46 is divided by l(k).
14
Let w be -4 + (1 - 1) - -11. Suppose 0 = -2*u + 15 + w. Calculate the remainder when 19 is divided by u.
8
Suppose 2*m = -2*n - 16, -6*m + 4*m - 24 = 4*n. What is the remainder when (-5 + 7)*1/2 is divided by 10/m*(-4)/10?
0
Let n(k) = -k**3 + 4*k**2 - k. What is the remainder when n(3) is divided by (-6)/(-2)*12/9?
2
Let x be 0/(-3 - (0 - 0)). Suppose 99 = -x*s + 3*s. What is the remainder when s is divided by 9?
6
Suppose -2*j - j = -4*z + 3, -3 = -2*z + j. Suppose z*i + 3*a = 95 + 10, 4*i - 125 = a. What is the remainder when i is divided by 11?
10
Let y = -369 + 543. Suppose c - 4*c + y = 0. Calculate the remainder when c is divided by 20.
18
Suppose 3*m + 5*i = 143, -4*i - 181 = -4*m - i. Suppose -2*u + 0*u - m = 0. Let v = u + 35. Calculate the remainder when 46 is divided by v.
10
Suppose -7*l = -3*l. Suppose l*k + 40 = 3*k - f, -2*k + 20 = f. What is the remainder when -2 - (-2 + -1 + -21) is divided by k?
10
Let z = 22 + 16. Suppose -3*b = v - 32, 18 = 3*b + 3*v - 18. Calculate the remainder when z is divided by b.
8
Suppose 33 = 5*c + 13. Suppose 2*f - 1 = t - 0, 5 = c*f + t. Suppose -f + 4 = x. What is the remainder when 5 is divided by x?
2
Let h(p) = -4*p + 2. Let m be h(-6). Suppose -2*b - 4*x + m = 0, -2*x + 56 = 2*b - 4*x. Calculate the remainder when 45 is divided by b.
22
Let i = 61 + -50. Suppose -2*s + 7*s = 3*w + 3, 7 = -2*w + 5*s. Suppose -c + w = -0. What is the remainder when i is divided by c?
3
Calculate the remainder when 30 is divided by 1 + -3 + 18*1.
14
Let f = -15 + 20. Calculate the remainder when f is divided by 2.
1
Suppose 53 + 95 = o. Calculate the remainder when 51 is divided by o/12 - 6/(-9).
12
Let l(g) = 29*g**2 + g. Calculate the remainder when 82 is divided by l(-1).
26
What is the remainder when 9 is divided by -5 - -8 - 1*-2?
4
Suppose -3*p = -49 - 92. Suppose 19 = 3*h - p. What is the remainder when h is divided by 8?
6
Suppose 0 = x + 1, 3*m - 10*x + 7*x = 54. What is the remainder when 49 is divided by m?
15
Suppose -c + 20 = 4*c. Suppose -c*x + 2*x = -24. What is the remainder when x is divided by 30/4 - 1/2?
5
Let r(c) = c**3 - 5*c**2 - c + 4. Let p = 5 - -1. What is the remainder when r(p) is divided by 9?
7
What is the remainder when 186 is divided by (1 - (3 + 1)) + 0 - -50?
45
Let u = 128 + -61. What is the remainder when u is divided by 23?
21
Let i = -115 - -193. What is the remainder when i is divided by 40?
38
Suppose 0 = 5*h + 5 - 0, -4*s + 62 = -2*h. Let a = 2 + s. Calculate the remainder when a is divided by 9.
8
Let f(t) = t**3 + 5*t**2 - t - 3. What is the remainder when 13 is divided by f(-5)?
1
Let q(j) = -2*j**3 + j**2 - j - 1. Let v be q(-1). Suppose v*d = -2*d + 50. What is the remainder when 37 is divided by d?
7
Suppose -5*r - 3*s = 163, 2*s - 125 = 3*r - 3*s. Let f(a) = -2*a**2 - 6*a - 6. Let h be f(-7). Let c = r - h. What is the remainder when c is divided by 14?
13
What is the remainder when 39 + -6*(-4)/6 is divided by 5?
3
Let p be (-71)/3 + (-2)/6. Suppose 4*y = 53 + 119. Let t = y + p. Calculate the remainder when 56 is divided by t.
18
Let v(y) = y**3 + 9*y**2 + y + 21. What is the remainder when 35 is divided by v(-9)?
11
Let z = -2 - -1. Let o(p) = -4*p. Calculate the remainder when o(z) is divided by 1 - (16/4 - 6).
1
Suppose 3*s = 2*s + 18. Suppose 40 = 5*o - 5*h, 3*h - 5*h + 4 = 0. Calculate the remainder when s is divided by o.
8
Suppose -113 + 44 = -3*r. Calculate the remainder when 67 is divided by r.
21
Suppose -3*r - 2 - 4 = -2*h, 0 = 3*r - 6. What is the remainder when 21 is divided by h?
3
Let u(n) = -n + 2. Let r be u(-8). Suppose r = 2*w, -3*w = 2*y + 2*w - 93. Calculate the remainder when y is divided by 13.
8
Let c(z) = z**2 + 3*z - 8. Calculate the remainder when c(-9) is divided by ((-14)/(-5) - 2)*20.
14
Let t = 10 + -6. Suppose 0*s = -2*o - 4*s, -4*o + 8 = 4*s. Suppose -4*r = -2*r - o. Calculate the remainder when t is divided by r.
0
Suppose p - 7*p + 222 = 0. What is the remainder when p is divided by 20?
17
Let a(f) = -f**2 - 11*f - 1. Suppose -b = 6 + 3. What is the remainder when 33 is divided by a(b)?
16
Suppose -3*w - x - 3 = 0, w - x = 3*x + 12. Suppose w = -d + 3 - 0. Calculate the remainder when 3/(-1*d)*-8 is divided by 3.
2
Suppose 0 = -2*x - 2*x, t + 4*x - 2 = 0. Calculate the remainder when 5 is divided by t.
1
Let b(l) = 5*l**2 + 2*l + 1. Let a be b(-1). Let r(f) = -f**3 - 6*f**2 - f - 2. What is the remainder when ((-2)/(-4))/(a/80) is divided by r(-6)?
2
Let q(k) = -k**3 + 22 - 46 + 4*k + 20 - 2*k**2. Suppose -9 = 5*n + 11. Calculate the remainder when 22 is divided by q(n).
10
Suppose u = -5 + 10. Suppose -9*c = -7*c - 6. Suppose -4*g + 4*m + 12 = 0, -2*g - c*g - 3*m = -15. What is the remainder when u is divided by g?
2
Let y = -11 - -8. Let j(v) = -2*v - 4. Let n(w) = -3*w - 8. Let u(g) = y*n(g) + 5*j(g). Calculate the remainder when 7 is divided by u(0).
3
Suppose -4*t + 3*t + 35 = 0. Calculate the remainder when t is divided by 19.
16
What is the remainder when (2/2)/((-2)/(-178)) is divided by 30?
29
Let n = 11 + -6. Calculate the remainder when (-64)/(-12)*(-3)/(-2) is divided by n.
3
Let f(x) = -28*x**3 + x**2 + 3*x + 1. Calculate the remainder when 46 is divided by f(-1).
19
Let j be 3 - 2/(-2)*1. Suppose 5 = 4*l + l - 3*a, j*l = a + 11. What is the remainder when 10 is divided by l?
2
Calculate the remainder when 77 is divided by ((-12)/(-36))/(1/36).
5
Let q = 42 - 3. What is the remainder when q is divided by 10?
9
Let y(r) = -r**3 - 7*r**2 - 5*r - 9. Calculate the remainder when y(-7) is divided by 7.
5
Let h(g) = -g**3 - 19*g**2 - g + 21. What is the remainder when h(-19) is divided by 11?
7
Suppose g - 560 = -3*g. What is the remainder when g is divided by 16?
12
Suppose 10 = 3*s + 2*s. What is the remainder when 30 is divided by (s/4)/(7/154)?
8
Let a(c) = c**2 + 0*c**2 + 6 + c**2 - 2*c - 5. Calculate the remainder when a(-2) is divided by 7.
6
Let v be (2 + (-2 - -6))*1. Suppose -p = 0, q - v = -q - 2*p. Suppose m - 104 = -q*m. Calculate the remainder when m is divided by 14.
12
Suppose 221*w = 220*w + 3. What is the remainder when 7 is divided by w?
1
Suppose -2*a = 39 - 133. Suppose 3*c + c = -f + 63, c = 2*f + 27. What is the remainder when a is divided by c?
13
Suppose 2*b - b - 5 = 0. Suppose -4*k = 10 + 2. What is the remainder when 3/9 - 41/k is divided by b?
4
Suppose -8 + 68 = -5*f. Calculate the remainder when 46 is divided by (-4)/(-12) + (-140)/f.
10
Let x be (0 + -1)*15 + -1. Let v = x + 28. What is the remainder when v is divided by 5?
2
Suppose 5*d - d - 40 = 0. Suppose -4*c + 34 = d. Calculate the remainder when 9 is divided by c.
3
Let d be (-2)/(4 - 2) - 11. Let f = d - -19. Let o = 1 + f. Calculate the remainder when 22 is divided by o.
6
Suppose 0 = -5*b + 5*u + 370, 2*u = b - 77. Suppose 3*v + 7*m - 76 = 6*m, 2*m = 4*v - 88. Calculate the remainder when b is divided by v.
23
Let c(z) be the third derivative of -z**4/24 + 16*z**3/3 - 3*z**2. What is the remainder when c(0) is divided by 11?
10
Let y(d) = 25*d**2 + d - 1. Suppose 2*w - l = 6 + 4, w - 5 = l. Suppose 0 = 5*a + w, -5 = -m - 5*a - 1. Calculate the remainder when y(1) is divided by m.
7
Let k be (-4)/6 + 8/3. Suppose 0 = -2*q - 2, -q = 2*m + k*q - 79. Calculate the remainder when m is divided by 21.
20
Suppose -4*p = -2*p - 38. What is the remainder when p is divided by 10?
9
Suppose -5*h + 27 = 7. What is the remainder when 4 - -5 - h*-1 is divided by 2/5 - 23/(-5)?
3
Suppose 5*t = 2*t + 24. What is the remainder when 28 is divided by t?
4
Suppose 4*i + 0*g = -3*g + 7, -23 = -5*i + g. What is the remainder when 4 is divided by i?
0
Let j be (-1)/6 + 955/(-30). Let k = j + 49. What is the remainder when 32 is divided by k?
15
Suppose -3*y = y - 12. Suppose 0 = -3*m - 2 + 8. Suppose -o = -c - 3, -m*o - 2*c - 4 = -3*o. What is the remainder when y is divided by o?
1
Let g = -41 + 70. S